a = n + -38. Is q(a) a composite number?
False
Let l = -18 - -13. Let b(v) = 36*v - 40*v + 4 - 37*v + 3 + 9. Is b(l) a prime number?
False
Let s(d) = 40*d + 4*d**2 + 19 - 5*d - 10. Is s(11) a prime number?
False
Suppose 0 = 34*c - 30*c - 2*j - 2490748, 4*j = -3*c + 1868083. Is c prime?
False
Suppose -64*a + 60*a = -20. Suppose 5*n = 4*s - 13, 4*s = -3*n - 0 + a. Suppose 0 = -r - 3*j + 1816 + 1759, 10769 = 3*r - s*j. Is r a composite number?
True
Let f = 7447 - 1598. Is f a composite number?
False
Suppose -2*x + 1 = 5. Suppose -n - 5*o + 170 + 3373 = 0, 2*n - 7086 = -o. Is 2/(x*(4 + (-14173)/n)) a composite number?
True
Suppose -4*z - 25*c + 121712 = -27*c, 5*z - c - 152137 = 0. Is z composite?
False
Suppose 3*s + s - 16 = 0. Suppose 8*u + 46 = 5*k + 6*u, 48 = s*k + 4*u. Suppose -k*i = 7621 - 35691. Is i a prime number?
False
Suppose 194*o = 195*o - 23695. Suppose -61*t + o = -54*t. Is t a prime number?
False
Let t(i) = 134*i**2 - 20*i + 4. Let f be t(-10). Suppose -5*g + f = -46181. Is g prime?
False
Suppose 4*s = s + 375. Suppose 0*x + s = 5*x. Suppose 4*i = -4*a + 580, i - 178 = a - x. Is i composite?
False
Let z = 16 + -4. Suppose 3*x + 5*d - 30 = 0, x - z - 9 = 2*d. Suppose x*r = 16*r - 443. Is r a composite number?
False
Let p(q) = -3*q**2 - 6*q + 6. Let a be p(-7). Is (-22486)/(-18) + 22/a a composite number?
False
Let n(t) = 73*t**3 - 2*t**2 - 2*t. Let g(d) = -147*d**3 + 5*d**2 + 5*d + 1. Let z(o) = 2*g(o) + 5*n(o). Is z(3) composite?
True
Let s = 3 - -66. Let d = -71 + s. Let h(g) = -17*g**3 - g**2 + g - 3. Is h(d) a composite number?
False
Let v = -2730 + 6878. Let l = 1359 + v. Is l a composite number?
False
Let n(r) be the third derivative of 71*r**5/60 - 13*r**4/6 - 4*r**3/3 - 140*r**2. Is n(-9) prime?
True
Let i(s) = 41*s**3 + 11*s**2 - 10*s + 172. Is i(13) a composite number?
True
Let f = 52695 + -32644. Is f a prime number?
True
Suppose 2*c - 3*t + 4*t - 3 = 0, 15 = -4*c + 5*t. Suppose 0 = -7*m - c*m + 28. Suppose -m*u + 1615 = -u - 2*k, 20 = 5*k. Is u prime?
True
Let l(u) = 680*u - 160. Let t(g) = -340*g + 81. Let w(h) = 3*l(h) + 5*t(h). Is w(28) composite?
True
Is (1081491/6)/((-3)/1 + 329/94) composite?
False
Let m(b) = b**2 + 9*b - 6. Let h be m(-8). Let y = h + -548. Let f = 969 + y. Is f a composite number?
True
Let r(o) = o**2 - 2*o - 10. Let i be r(-3). Suppose i*y + 4*g = 33, -y + 5*g - 6*g + 6 = 0. Is (94 + y)/(3/30*2) a prime number?
False
Let n(b) = -2*b**3 - 4*b**2 - 16*b + 133. Let l be n(14). Let v = 17792 + l. Is v a composite number?
True
Suppose -28176146 - 37736673 = -337*d. Is d prime?
False
Let v(o) = -4*o**3 + 0 + 11 + 3*o**3 + 13*o - o**2 - 3*o**2. Let a be v(-6). Suppose -3204 = -a*y - 1309. Is y a composite number?
False
Let n be (-1)/((-20)/130 - (-46)/286). Is 22/n + 252780/52 prime?
True
Suppose -39 = -7*p + 66. Let k = p + -12. Is (k/(-6)*-3)/((-3)/(-614)) a prime number?
True
Suppose -131051 = -u + 3*n, 315*u - 319*u + 5*n + 524176 = 0. Is u composite?
True
Suppose 0 = j + 889 - 805. Is 30/35 - 569364/j prime?
True
Suppose 0 = 4*i - v - 22, 33*i - 32*i - 3 = -v. Let o = -1464 - -2790. Suppose 5*b = 2*u - o, -4*u = -i*u - b + 677. Is u prime?
True
Suppose 403*r - 431*r = 310 + 3498. Let l(a) = -14*a + 3. Let c be l(-3). Let q = c - r. Is q a prime number?
True
Let s be -24*(-20)/15*(-1 + -20). Let x be (-60)/(-16)*s/(-18). Suppose n - x = 17. Is n prime?
True
Let r(l) = l**2 + 3*l + 1. Let q be r(-4). Suppose -q*f = -w + 10060, 0*f + f - 5*w + 2036 = 0. Let s = -1124 - f. Is s prime?
True
Let h(g) be the first derivative of 107/3*g**3 - g**2 - 2*g - 1. Is h(-3) a composite number?
False
Suppose 37*q - 5*d - 1755863 = 33*q, 877933 = 2*q - d. Is q composite?
False
Suppose -79 = 10*a - 99. Suppose -j = 5*t - 1887, a*t - 531 = j + 221. Is t a prime number?
False
Is (500/500)/(0 + 3/1364397) prime?
True
Suppose -2*d - 366 = -w, -4*w - 165 = 2*d - d. Let r be -345 + 10 + (21 - 16). Let c = d - r. Is c a composite number?
False
Let v = -27572 + 54747. Suppose -v = 15*l - 20*l. Is l composite?
True
Suppose 10*j + 135733 = 55963. Let m = 5600 - j. Is m a composite number?
False
Let l(p) = 1505*p**3 + 3*p - 2. Let f be l(1). Let u = -883 + f. Is u prime?
False
Let q(w) = 67 + 17*w + 42*w + 36*w - 7*w. Is q(18) prime?
False
Suppose -99*q + 93*q = -1550778. Is q a prime number?
False
Suppose 2*n = -p + 7629, p + 3*n - 11692 = -4068. Is p composite?
False
Let s(j) = -30 + 2619*j - 845*j + 1750*j - 45 - 612*j. Is s(1) composite?
False
Is (-745)/447 + 1*(-1 - (-17523515)/3) a composite number?
False
Suppose 4*n - 1348033 = 5*l, 3*l + 205467 = -n + 542437. Is n a composite number?
False
Let g = -4775 + 8906. Suppose -4*j + g = 1367. Let t = 364 + j. Is t a composite number?
True
Suppose 198*b - 1409556 = -4851366 + 32553552. Is b a prime number?
True
Suppose -340*g = -343*g + 5970. Suppose g = c - 0*c - 3*j, -2*c - 2*j = -3972. Is c composite?
False
Suppose -6*p + 116947 = 3*t - 10*p, -5*t + 5*p = -194920. Is t a prime number?
False
Suppose 0 = 3*y - 3*w + 6, 3*w + 12 = 4*y + 4*w. Suppose -4*x - y*x = -18870. Suppose -5*v + 5250 = 5*t - 0*t, 3*v - x = -4*t. Is v composite?
True
Suppose 20*s + 180 - 500 = 0. Suppose -s*t + 158851 = 22227. Is t composite?
False
Suppose 5*i = 5, 4*i = -5*y - 0*i - 301. Let h = y + 66. Suppose -z + 188 = h*k - 234, -94 = -k + 3*z. Is k a prime number?
False
Let y(h) = 2*h**2 - 6. Let a(u) = -2*u. Let p be a(-1). Let m be y(p). Suppose 67 = -w - 5*i + 728, 0 = m*i + 4. Is w a prime number?
False
Let p(j) = -8*j + 70. Let c be p(8). Suppose c*h = 16*h - 426410. Is h a composite number?
False
Suppose -7*y + 2982 = -826. Let t = 1223 - y. Suppose 0 = -3*w - 5*c + c + t, c = -3*w + 667. Is w composite?
True
Let t(d) = d**2 - 94*d + 21703. Is t(0) a composite number?
True
Let z = 2935 + 11940. Suppose -4*f - 1753 = 5*l - 16624, 4*f + l = z. Is f a composite number?
False
Let h(w) = w**3 - 14*w**2 + w - 10. Let m be h(14). Suppose -5*t = 4*v - 14505, 3*v - m = 11. Is t a prime number?
True
Let w = -83 + 85. Suppose 4*b - j - 8468 = -0*b, -w*b - 3*j = -4234. Is b a prime number?
False
Suppose 125*y + 25 = 130*y. Suppose 5*n - y*r - 19260 = 0, -4*n - 3*r + 275 = -15098. Is n prime?
True
Suppose -24210 + 89414 = 4*l. Is l a composite number?
False
Let w = -42 - -134. Suppose 5*u - 282 = -w. Is 40603/u + 1/2 a composite number?
False
Let w = 491 - 490. Let k(d) = 771*d**3 + 2*d**2 - 5*d + 3. Is k(w) a prime number?
False
Let c = 31333 + -11088. Is c a composite number?
True
Suppose 7*o = -8*o + 75. Let v be 0 + (4 - 5/o). Suppose 4*x = 2*r + v*r - 2690, -5*r - 3*x + 2725 = 0. Is r a composite number?
True
Let d(w) be the second derivative of 107*w**5/120 - 2*w**4/3 + 19*w**3/6 + 14*w. Let t(p) be the second derivative of d(p). Is t(5) prime?
False
Suppose 0 = -3*o + 5*i - 12, 2*i + 2 - 8 = 0. Suppose 13 = -4*d + o. Is (-223)/(d/3*1) a composite number?
False
Let g(q) = 9*q**2 - 26*q - 12. Let r(y) = y**3 + 9*y**2 + 21*y + 8. Let k be r(-6). Let h be 4*1 + (-35)/(k/2). Is g(h) a prime number?
False
Let v be -13 + (1 - -13) - 4*-5. Let o(u) = 278*u + 115. Is o(v) a prime number?
True
Let v = -554114 + 1264047. Is v composite?
True
Let k be (-11)/66*(-6)/1. Let d be 443 + k/(-4) + (-35)/(-28). Suppose -2*b = -u - 3*b + 224, d = 2*u - 2*b. Is u a composite number?
False
Suppose -4*l = -5*a - 320659 - 22325, -3*l + 257249 = -a. Is l a composite number?
False
Let a(k) = 2*k**3 + 17*k**2 - 10*k - 5. Let r be a(-9). Suppose -3*h + 7*h = -4*t + 21380, -16033 = -3*t - r*h. Is t a composite number?
False
Suppose 177*a - 2201032 = 169*a. Is a composite?
False
Let s be -12*4/(-8) - (2 - 1). Suppose s*k = -4*k + 45. Suppose -6*a + 2*a - 2*w = -10416, -13035 = -k*a + 5*w. Is a prime?
False
Let t(n) = 511*n**2 + 8*n - 8. Let o be t(-7). Is o/20 - (-6)/24 composite?
False
Let b(z) = 2*z**3 - 31*z**2 + 15*z + 2. Let y be b(15). Suppose -2930 = -i - 3*n, -5890 = -2*i - y*n + 6*n. Is i a prime number?
True
Let n(b) = -7*b + 223. Let y be n(29). Let u(t) = 229*t - 253. Is u(y) composite?
False
Let b(w) = 1085*w + 154. Let g(v) = 15 + 35*v + 8 - 18. Let p(m) = 2*b(m) - 63*g(m). Is p(-6) a composite number?
True
Suppose -4*b + b = -516. Let o = -99 + b. Suppose -o*z + 71*z = -3118. Is z prime?
True
Suppose 3*v = -2